110100101
Convert -1adb0b (base 14) to base 16.
-ea54f
Convert -110000110110100110111010 (base 2) to base 3.
-220002122100000
-146066 (base 10) to base 3
-21102100212
20330032313 (base 4) to base 12
95049b
Convert 273136 (base 11) to base 2.
1101000101011000110
Convert -1436312 (base 8) to base 11.
-25a137
Convert 1538844 (base 9) to base 11.
532874
What is 4022120024 (base 5) in base 9?
16048855
What is 437b1 (base 12) in base 15?
1b6b4
What is -68387 (base 16) in base 11?
-2717aa
1754730 (base 8) to base 2
1111101100111011000
What is -4225210 (base 6) in base 4?
-302101212
1000010100011100101011 (base 2) to base 10
2180907
11000011110111111 (base 2) to base 4
120132333
Convert -1757a3 (base 11) to base 5.
-32134103
What is 2a3726 (base 12) in base 3?
1100010122110
What is -2332010232 (base 5) in base 2?
-10100011000110010111010
What is -17840360 (base 9) in base 14?
-12a4873
Convert 28324 (base 15) to base 2.
11111011110111111
What is -10111101100001110101 (base 2) in base 3?
-1110102220012
Convert -110540254 (base 6) to base 16.
-1e930a
What is -36454 (base 13) in base 16?
-1851a
Convert -10011001110000010010 (base 2) to base 9.
-1158803
What is 1e2b7e (base 16) in base 9?
3643204
-2b8bab7 (base 12) to base 10
-8895595
What is 8287a (base 14) in base 2?
1001100110001111100
3172534 (base 8) to base 16
cf55c
What is -17fbf (base 16) in base 14?
-27b31
Convert 2021242 (base 8) to base 4.
2002022202
What is -120221222011 (base 3) in base 6?
-10422304
20001121101220 (base 3) to base 11
18aa4a4
What is -2541657 (base 8) in base 2?
-10101100001110101111
Convert -1453042 (base 6) to base 3.
-11022110222
Convert 90c048 (base 15) to base 7.
112302365
Convert -10178ae (base 15) to base 13.
-24b6417
What is 17263247 (base 10) in base 11?
9821151
Convert -4165433 (base 7) to base 13.
-148397
Convert 1714c2 (base 13) to base 10.
574251
What is 8886902 (base 10) in base 3?
121201111112112
What is -110010021 (base 4) in base 15?
-19540
What is 772343 (base 8) in base 11?
1678a7
-15462432 (base 7) to base 9
-2726743
Convert -112201233 (base 4) to base 7.
-533004
94268 (base 11) to base 12
67629
What is -340344102 (base 5) in base 7?
-15502532
-2434014 (base 5) to base 13
-17cca
4204462 (base 7) to base 8
1733736
Convert 2100a0 (base 11) to base 15.
69c1d
327153 (base 13) to base 2
100100001101100111001
-3ef57 (base 16) to base 12
-10529b
What is 12454 (base 9) in base 12?
4a34
Convert -10323313210 (base 4) to base 7.
-13666000
What is -1321221 (base 4) in base 8?
-17151
16654727 (base 8) to base 2
1110110101100111010111
-787624 (base 9) to base 3
-212221200211
213322003 (base 4) to base 10
163459
Convert -99b122 (base 13) to base 11.
-2055062
What is 2ef51 (base 16) in base 5?
22123322
-83319 (base 11) to base 16
-1daa0
3220110333 (base 4) to base 7
11042250
Convert -2443791 (base 12) to base 4.
-122322302131
Convert -683c08 (base 13) to base 14.
-4823c5
Convert -174a65 (base 13) to base 15.
-b75a6
-e042a (base 15) to base 9
-1301454
100001000010101010001010 (base 2) to base 7
133423413
Convert 31201331000 (base 4) to base 13.
9725ab
-20436566 (base 8) to base 16
-423d76
What is 1144042214 (base 5) in base 7?
32063401
What is -a964 (base 16) in base 13?
-16979
What is -11a562 (base 11) in base 14?
-4d1a3
What is -190360 (base 10) in base 8?
-563630
What is 12974471 (base 10) in base 2?
110001011111100110000111
What is 474c2 (base 15) in base 8?
673607
Convert -806602 (base 9) to base 13.
-1392cb
Convert dd9c6 (base 15) to base 8.
2537323
323210302332 (base 4) to base 16
ee4cbe
-1114443220 (base 5) to base 11
-1458165
What is -101100001100110001 (base 2) in base 15?
-38996
120100002002 (base 3) to base 6
10245302
Convert -10112211202 (base 3) to base 5.
-4213434
Convert -622d7 (base 14) to base 3.
-110000111200
-1396a2 (base 16) to base 4
-10321122202
What is -311403410 (base 5) in base 15?
-1a3ca5
Convert 120003332000 (base 4) to base 3.
102212110112222
-1001221020 (base 4) to base 15
-549ec
Convert 11011000010001101010 (base 2) to base 11.
555623
Convert 13431203 (base 6) to base 7.
3604035
What is -500813 (base 10) in base 7?
-4154045
-452ea (base 15) to base 7
-1604350
Convert 111458 (base 10) to base 13.
3b969
-1231220144 (base 6) to base 14
-1c94760
Convert -1bba0 (base 13) to base 11.
-38123
What is -1347432 (base 11) in base 7?
-25513633
205454 (base 8) to base 14
1acd6
-4aa989 (base 12) to base 7
-13244562
6529 (base 12) to base 2
10101101110001
Convert -205055351 (base 6) to base 16.
-36ef53
What is 88a046 (base 11) in base 8?
5323220
What is 1f41b (base 16) in base 4?
133100123
Convert -708b7 (base 12) to base 8.
-436013
-201122333221 (base 4) to base 14
-1240c89
What is -259d3b (base 16) in base 14?
-4824d5
-808bb (base 15) to base 3
-202200021012
What is 100001001101000100101 (base 2) in base 12?
445799
What is 130210011 (base 5) in base 6?
21313213
1010000100111100010 (base 2) to base 8
1204742
What is -2022120003 (base 4) in base 8?
-2123003
Convert 958d76 (base 16) to base 15.
cd9053
What is -112203322221 (base 4) in base 15?
-7bc5a6
3144001 (base 8) to base 12
3448a9
-6c8c30 (base 13) to base 8
-11702665
Convert 13026500 (base 7) to base 11.
739286
Convert 2011021020 (base 3) to base 6.
524353
Convert 1a3919 (base 15) to base 11.
7a3036
What is -12331 (base 16) in base 6?
-1333041
1110101010001111 (base 2) to base 10
60047
Convert -1c478 (base 14) to base 11.
-4a2a8
-11102010011121 (base 3) to base 2
-1000111100011010001100
2043322 (base 7) to base 8
740516
Convert 45132305 (base 6) to base 7.
14414162
What is 100201102112 (base 3) in base 5?
22110214
Convert -21220001 (base 3) to base 7.
-22525
-120001011212 (base 3) to base 2
-1001000010010101001
1324546 (base 7) to base 5
21041043
Convert a7711 (base 15) to base 10.
531466
What is 10083 (base 16) in base 10?
65667
Convert 135709 (base 12) to base 13.
b2c80
Convert 175085 (base 10) to base 6.
3430325
What is -131342101 (base 6) in base 8?
-11714365
Convert -47779 (base 15) to base 3.
-102120111120
-13232310 (base 4) to base 5
-2003133
Convert -69980 (base 16) to base 15.
-88242
-13102 (base 13) to base 14
-cc31
674214 (base 9) to base 4
1202131300
Convert -10201022233 (base 4) to base 13.
-326161
Convert 5296101 (base 12) to base 9.
32354071
-1141663 (base 11) to base 2
-111100110101001010110
Convert -4a460a (base 11) to base 13.
-21b808
32334310 (base 5) to base 6
5540303
-2230b5 (base 16) to base 11
-12a0514
Convert -3d29d (base 14) to base 7.
-1200356
Convert -448226 (base 14) to base 10.
-2327338
-1afe8c (base 16) to base 9
-3285666
What is 148067 (base 10) in base 2?
100100001001100011
What is -3a034 (base 13) in base 10?
-107696
Convert -100110101010111010000 (base 2) to base 14.
-24db0c
66935a (base 11) to base 13
2b4600
-177176 (base 9) to base 6
-2210153
What is -2001021022201 (base 3) in base 10?
-1087903
Convert -40266 (base 8) to base 9.
-24646
Convert -3220321 (base 4) to base 10.
-14905
What is 231121214 (base 5) in base 3?
1221121212022
Convert -61a446 (base 11) to base 15.
-149b46
3b4696 (base 14) to base 6
111523004
Convert 388a385 (base 12) to base 2.
101010011101110110010101
Convert -20552046 (base 7) to base 16.
-1a9be6
What is -3cb90 (base 14) in base 10?
-150458
Convert -132554 (base 8) to base 12.
-22a64
35279 (base 11) to base 13
1a22b
Convert -d2b14 (base 16) to base 10.
-862996
What is 35675 (base 10) in base 8?
105533
Convert 68a032 (base 12) to base 7.
20150606
-10425a (base 15) to base 8
-2746442
Convert 13131310 (base 5) to base 4.
133302131
What is 157920 (base 11) in base 13?
874ab
Convert -25337025 (base 8) to base 2.
-10101011011111000010101
What is -11302102 (base 5) in base 6?
-2114414
What is 2302302302 (base 4) in base 8?
2626262
What is 234412010 (base 5) in base 14?
205ac9
What is -1714280 (base 9) in base 13?
-2755b9
2300233314 (base 5) to base 3
100120102122122
What is 153104443 (base 6) in base 4?
30110012223
-5a5e0 (base 15) to base 9
-478313
What is 726117 (base 10) in base 6?
23321353
704d37 (base 15) to base 14
9cb286
-2042515 (base 10) to base 13
-5668b7
What is 28ab7 (base 14) in base 2?
11000101000101001
What is 411660 (base 8) in base 6?
2530052
What is -10010101000110101010 (base 2) in base 3?
-1011000202122
What is -16208d (base 15)